14 + 4*c**3 - v*c**2 - 17 + 3*c**2 - 5*c**3. What is p(-4)?
1
Let j(r) = 4*r + 5. Let d(w) = 9*w + 11. Let n = 51 - 53. Let s(l) = n*d(l) + 5*j(l). Calculate s(-5).
-7
Let a(n) be the third derivative of -n**6/120 + 3*n**5/20 + 3*n**4/8 - n**3/6 - 1627*n**2. Calculate a(10).
-11
Let n(v) = 3*v + 148. Let d be n(-47). Let c(k) = -k**2 + 11*k - 14. What is c(d)?
14
Let k = 12 - 22. Let c(y) = 4*y**2 + y. Let a(z) = 17*z**2 + 15*z + 10. Let v(h) = a(h) - 4*c(h). What is v(k)?
0
Let k(j) be the first derivative of -2*j + 1/2*j**2 + 61. Give k(2).
0
Let o(n) be the third derivative of -n**6/120 + 13*n**5/60 - 13*n**4/24 - 25*n**3/6 - 228*n**2 - 2*n. Calculate o(11).
74
Let u(r) be the first derivative of -r**6/72 - 13*r**3/3 - 9. Let s(p) be the third derivative of u(p). Let w = 311 + -309. Calculate s(w).
-20
Let w(u) = -u**3 - 5*u**2 + 4*u + 2. Let i(m) = -m**3 + 16*m**2 - 37*m + 120. Let n be i(14). Give w(n).
14
Let r(k) be the first derivative of -k**4/12 - 2*k**3/3 + k**2 + 60*k - 68. Let q(f) be the first derivative of r(f). Let m = 2 + -5. Determine q(m).
5
Let v(i) = -i**3 + 15*i**2 - 15*i + 16. Let f be v(14). Suppose -3*j = 4*g + 6, f*g + 0*j = -3*j - 6. Let n(r) = 692*r - 692*r - 8*r**2 + 7*r**2 - 6. Give n(g).
-6
Let r(j) = j**2 + 7*j + 1. Suppose 17*g = 19*g - 6. Suppose -k - 3 = 5*o - 16, -3*o = 5*k - 43. Suppose -3*d = -w + 20, g*d - k*d = -4*w + 38. Calculate r(d).
-5
Let x(p) be the first derivative of -1/3*p**3 + 9 + 0*p - 3*p**2. Let b be -11 + 8/(4 + -2). What is x(b)?
-7
Let r be 1/((-37)/12 - -3). Let g = 7 + r. Let w(c) = -868*c + 1 - 870*c + 1740*c. What is w(g)?
-9
Let f(h) = -127 + h - 149 + 272. Suppose 9 = 3*t - 9. Give f(t).
2
Let g(s) = s + 4. Let j be (9 - 2) + (-15)/((-45)/(-12)). Suppose 2*x - 4 + 22 = 4*m, -x + 5*m = j. Give g(x).
-9
Let l(c) = 2*c**2 + 37658*c + 5 + 37663*c - 75317*c. Give l(-2).
5
Suppose -21 - 187 = -26*j. Suppose -5*k = -7*s + 25, 6*k = 2*k + j. Let v(n) = -5*n + 1. Determine v(s).
-24
Let u(g) be the first derivative of g**4/4 + 7*g**3/3 + 3*g**2/2 - 6*g + 631. Give u(-5).
29
Let m(p) be the second derivative of -p**7/2520 + p**6/144 + p**5/20 - 23*p**4/6 - p - 8. Let z(v) be the third derivative of m(v). Calculate z(6).
0
Let h(r) = -4*r**3 - 4*r - 2. Let a be ((-6)/(-8))/(102/(-272))*-1. Let o(t) = t**3 - t**2 + t - 1. Let b(q) = a*o(q) + h(q). What is b(-3)?
38
Suppose 2*m = 5*w - 20, -46*m = -45*m + 5. Let c be (0 + w/(-4))/(188/(-1504)). Let u(n) be the third derivative of n**4/12 - 2*n**3/3 - n**2. Determine u(c).
4
Let k(t) = t**2 - 9*t - 1. Let o(a) = -10*a**2 - 54*a - 5. Let d(i) = 6*k(i) - o(i). What is d(-3)?
143
Let h(q) = -2*q**3 + 25*q**2 - 15*q + 5. Let l(f) = 16*f**3 - 174*f**2 + 105*f - 33. Let o(n) = 15*h(n) + 2*l(n). Calculate o(-14).
23
Let h(b) = -32*b**3 + 3*b**2 + 5*b + 3. Let d = -1900 + 1899. Give h(d).
33
Let n(y) be the first derivative of y**2 + 6 + 0*y - y**3 - 1/4*y**4. Let z = -47 + 44. Determine n(z).
-6
Let m be ((-3 + 3)/(-3 - -5))/(-3). Suppose 28*o - 19*o - 72 = m. Let u(b) = -2*b + 3. Calculate u(o).
-13
Let v(l) be the second derivative of l**5/20 + l**4/2 + l**3/3 + 3*l**2/2 + 2*l. Suppose -4*q = -2*s + 8, 2*s = -0*q - 3*q - 27. Give v(s).
-9
Let u(a) be the first derivative of a**3 + 89*a**2/2 + 57*a - 2947. What is u(-29)?
-1
Suppose 0 = -4*g + 4, 45*f + 10*g + 17 = 42*f. Let n(u) = u**2 + 19*u - 1. What is n(f)?
-91
Let z(x) = 2*x**2 + 8*x - 13. Let c = 3968 - 3974. Determine z(c).
11
Suppose -2*r + 10*r = -104. Let c = r - -14. Let q(p) = 0*p + 2*p - 6*p + c + p**3 + 0 - 3*p**2. Determine q(4).
1
Let a be (-2826)/66 - 4/22. Let h = a + 47. Let i(j) = 35*j - 40*j - 5*j**2 - h - 2 + j**3. Calculate i(6).
0
Let w(f) = 8*f + 48. Let o(p) = 38*p**2 + 39*p - 6. Let z be o(-1). What is w(z)?
-8
Let l(o) = 2*o**2 - 9*o + 1. Let v(z) = -z**2 + 5*z - 1. Let g(t) = 4*l(t) + 7*v(t). Suppose 5*m - 1 = 16*b - 15*b, -4*b = -m + 4. Calculate g(m).
-3
Let f(s) = 5*s**2 - 4*s + 2. Suppose -8*c - 59 + 67 = 0. Calculate f(c).
3
Let t(j) = -745*j - 51. Let u(h) = 344*h + 25. Let q(g) = -6*t(g) - 13*u(g). Calculate q(23).
-65
Let o(f) = -16*f. Let k = -21422 + 21421. Calculate o(k).
16
Let f(t) be the third derivative of -1/120*t**6 - 1/12*t**5 + 2*t**2 + 110*t + 1/12*t**4 + 2/3*t**3 + 0. What is f(-5)?
-6
Suppose -3*d - 15 = 0, 2*d + d = -2*n + 21. Let l(o) = -37 + 15 - 2*o**2 + n. Determine l(3).
-22
Let l be (-3 + 2)/(3/21). Let k(y) = 4*y - 16. Let s(a) = 3*a - 13. Let j(c) = -5*k(c) + 6*s(c). Give j(l).
16
Let i(l) = -2*l**2 + 4*l + 1. Let t(d) = d**2 - 6*d + 74. Let p(b) = i(b) + t(b). What is p(8)?
-5
Suppose 414 = -52*i + 6*i. Let c(w) = -2*w**2 - 25*w - 7. Let g(l) = l**2 + 12*l + 4. Let k(n) = 2*c(n) + 5*g(n). Give k(i).
-3
Suppose 48 - 15 = 3*x. Let i(m) be the second derivative of 1/12*m**4 - 14*m - 2*m**3 + 7/2*m**2 + 0. Give i(x).
-4
Let a(o) = -o**3 - 24*o**2 + 26*o - 5. Let p = -6835 - -6810. Give a(p).
-30
Suppose 3*j + 11 = -16*t + 17*t, -52 = -6*t + 4*j. Let m(g) = -9*g + 71. Give m(t).
-1
Let z(v) = -v + 3. Let g(s) = -28*s + 80. Let h(d) = -g(d) + 24*z(d). Suppose 41*c + 42 = 34*c. Calculate h(c).
-32
Let p(y) be the second derivative of y**5/10 + 11*y**4/12 - 91*y**3/6 - 1496*y. Determine p(-10).
10
Let g be ((-192)/20)/(-6)*5. Let t(x) be the first derivative of x**3/3 - 6*x**2 + 10*x - 541. Determine t(g).
-22
Let f(o) = -2*o**2 - 4*o - 2. Suppose -8*d - 135 = -5*d. Let v = 44 + d. Let k be v/(-3)*3 + -3. Give f(k).
-2
Let z(h) = -8*h + 3*h**2 - 99*h**3 + 22*h - 13*h - 7*h**2 + 98*h**3. Determine z(-4).
-4
Let m be (16/10)/((-252)/315). Let o(s) = 2*s + 8. Determine o(m).
4
Suppose 25*u + 5*u = 22*u + 168. Let m(v) = -4*v + 80. What is m(u)?
-4
Let c(t) = 7*t**2 - 26*t - 9. Let v(s) be the second derivative of -5*s**4/6 + 19*s**3/3 + 7*s**2 - 25*s. Let y(a) = -7*c(a) - 5*v(a). Determine y(8).
-7
Let b(o) = -o**3 + 4*o**2 + 3*o + 20. Suppose -47*j - 6 = -45*j + 2*f, 2*f = j - 21. Calculate b(j).
10
Let k(p) = -3*p**2 - 17*p - 1. Let i(v) = -v**2 + 61*v + 1416. Let o be i(-18). Give k(o).
-7
Let u be (1686/(-5))/6 - 12/15. Let o = u + 61. Suppose -o*p + 13 - 9 = 0. Let a(v) = 5*v + 1. Calculate a(p).
6
Let c = -80 + 79. Let d be -1 - 3 - c/((-2)/(-4)). Let l(r) = -11*r - 1. Give l(d).
21
Let g(b) = b**3 + 4*b**2 + b. Let p(c) = -c**3 - 4*c**2 - 7*c - 10. Let d be p(-3). Let r(y) = -3 - 2*y**2 + 1 - 34*y - d. Let f be r(-17). Calculate g(f).
-4
Let x(q) = 17*q**3 - 2*q**2 + 2*q - 1. Suppose 109*g = 110*g - 1. Calculate x(g).
16
Let i(o) = -o + 4. Let v = -158 + 157. Let c(l) = 2*l - 34. Let a(r) = v*c(r) - 5*i(r). Determine a(-12).
-22
Let t(x) = -7*x - 3. Let l be 56/20 - (6/10)/(-3). Let j(k) = -8*k. Let h(u) = l*j(u) - 4*t(u). Give h(-5).
-8
Let y(x) = 155*x**2 + 7*x - 7. Let f(o) = -177*o**2 - 8*o + 6. Let j(g) = -7*f(g) - 8*y(g). Give j(-8).
-50
Let p(l) = -1. Let q(i) = 3*i + 6. Suppose -2*a - k - 5 = 0, 0 = -8*a + 7*a - 3*k - 10. Let j(h) = a*q(h) - 2*p(h). Determine j(2).
-10
Let h = -69 + -16. Let o = h - -96. Suppose 0 = 6*c - 19 - o. Let k(b) = -b**3 + 5*b**2 + 6. Calculate k(c).
6
Let n(h) = 7*h**2 + 25*h + 4. Let y(s) = 6*s**2 + 23*s + 1. Let x(r) = -5*n(r) + 6*y(r). Calculate x(-12).
-26
Let b be 90/8 + 3/(-12). Let s(x) = 2*x + x**2 - 5*x - 15 + b + 0*x. Suppose 5*m + 6 = -3*t + 45, -4*m + 5*t = -9. Give s(m).
14
Let l(c) be the second derivative of -c**4/12 + 3*c**3 + 9*c**2/2 + 5*c + 10. What is l(13)?
74
Let j(o) = -o**3 + 7*o**2 + 17*o - 2. Let f = 701 - 691. Suppose 3*k = -2*u + 30, 0 = -u - f*k + 5*k + 29. What is j(u)?
-11
Let b(o) = -o - 2. Let n(r) = -9*r**2 - 2*r + 6. Let p be n(4). Let h = -141 - p. Give b(h).
-7
Let c(b) = 82*b**2 + 127*b + 332. Let k(w) = 15*w**2 + 26*w + 67. Let d(m) = -2*c(m) + 11*k(m). What is d(-30)?
13
Suppose c - 385 = -10*c. Let g(j) = 10*j + 39*j**2 + c*j**2 + 3 - 64*j**2 + j**3. Let l = 20 - 29. Give g(l).
-6
Let g(n) be the first derivative of -n**2/2 - 11*n - 95. Suppose 6*z + 44 = 2*z. What is g(z)?
0
Let h(m) = -5*m - 9. Let p(k) = -6*k**2 - 7*k + 76. Let o(r) = 5*r**2 + 7*r - 76. Let d(b) = -5*o(b) - 4*p(b). Let t be d(6). Give h(t).
1
Let o(t) be the first derivative of -t**2/2 + 19*t - 1281. Determine o(-7).
26
Let f be 1/(3/12*1). Suppose 9 = -3*s + 3*r, 2*r - 21 = -4*s - 63. Let j be 